{"id":1160,"date":"2020-11-09T20:03:39","date_gmt":"2020-11-09T19:03:39","guid":{"rendered":"https:\/\/kryma.net.pl\/?page_id=1160"},"modified":"2023-12-06T20:20:30","modified_gmt":"2023-12-06T19:20:30","slug":"sloter-kombinowany-vacuum","status":"publish","type":"page","link":"https:\/\/kryma.net.pl\/index.php\/slotery\/sloter-kombinowany-vacuum\/","title":{"rendered":"Sloter kombinowany Vacuum"},"content":{"rendered":"<!--themify_builder_content-->\n<div id=\"themify_builder_content-1160\" data-postid=\"1160\" class=\"themify_builder_content themify_builder_content-1160 themify_builder tf_clear\">\n                    <div  data-lazy=\"1\" class=\"module_row themify_builder_row tb_o3sm403 tb_first tf_w\">\n                        <div class=\"row_inner col_align_top tb_col_count_1 tf_box tf_rel\">\n                        <div  data-lazy=\"1\" class=\"module_column tb-column col-full tb_bq60404 first\">\n                    <!-- module image -->\n<div  class=\"module module-image tb_ufjk2 image-top   tf_mw\" data-lazy=\"1\">\n        <div class=\"image-wrap tf_rel tf_mw\">\n            <img loading=\"lazy\" decoding=\"async\" width=\"2560\" height=\"1709\" src=\"https:\/\/kryma.net.pl\/wp-content\/uploads\/2023\/12\/SK-2800-Vacuum-Back-scaled.jpg\" class=\"wp-post-image wp-image-1197\" title=\"SK-2800-Vacuum---Back\" alt=\"SK-2800-Vacuum---Back\" srcset=\"https:\/\/kryma.net.pl\/wp-content\/uploads\/2023\/12\/SK-2800-Vacuum-Back-scaled.jpg 2560w, https:\/\/kryma.net.pl\/wp-content\/uploads\/2023\/12\/SK-2800-Vacuum-Back-300x200.jpg 300w, https:\/\/kryma.net.pl\/wp-content\/uploads\/2023\/12\/SK-2800-Vacuum-Back-1024x684.jpg 1024w, https:\/\/kryma.net.pl\/wp-content\/uploads\/2023\/12\/SK-2800-Vacuum-Back-768x513.jpg 768w, https:\/\/kryma.net.pl\/wp-content\/uploads\/2023\/12\/SK-2800-Vacuum-Back-1536x1026.jpg 1536w, https:\/\/kryma.net.pl\/wp-content\/uploads\/2023\/12\/SK-2800-Vacuum-Back-2048x1367.jpg 2048w\" sizes=\"auto, (max-width: 2560px) 100vw, 2560px\" \/>    \n        <\/div>\n    <!-- \/image-wrap -->\n    \n        <\/div>\n<!-- \/module image -->        <\/div>\n                        <\/div>\n        <\/div>\n                        <div  data-lazy=\"1\" class=\"module_row themify_builder_row tb_mz32608 tf_w\">\n                        <div class=\"row_inner col_align_top tb_col_count_1 tf_box tf_rel\">\n                        <div  data-lazy=\"1\" class=\"module_column tb-column col-full tb_dkc3610 first\">\n                    <!-- module text -->\n<div  class=\"module module-text tb_mumx594  repeat \" data-lazy=\"1\">\n        <div  class=\"tb_text_wrap\">\n        <p>Podajnik podci\u015bnieniowy zainstalowany w Sloterze pozwala w cyklu automatycznym przetwarza\u0107 z wydajno\u015bci\u0105 2000mb\/h<\/p>\n<p>&#8211; zniekszta\u0142cone formatki niespe\u0142niaj\u0105ce norm p\u0142asko\u015bci<\/p>\n<p>&#8211; wielkie formaty tektur o maksymalnych wymiarach 2,75x10mb (na za\u0142\u0105czonym filmiku przetwarzana jest formatka 2500&#215;1200)<\/p>\n<p>&#8211; d\u0142ugie formatki do 10 mb (fefco 410,411) na za\u0142\u0105czonym filmie przerabiamy formatk\u0119 o d\u0142ugo\u015bci 3200<\/p>    <\/div>\n<\/div>\n<!-- \/module text -->        <\/div>\n                        <\/div>\n        <\/div>\n                        <div  data-lazy=\"1\" class=\"module_row themify_builder_row tb_kw74424 tf_w\">\n                        <div class=\"row_inner col_align_top tb_col_count_2 tf_box tf_rel\">\n                        <div  data-lazy=\"1\" class=\"module_column tb-column col4-2 tb_5w67424 first\">\n                    <!-- module video -->\n<div  class=\"module module-video tb_zc10425 video-top  \" data-lazy=\"1\">\n            <h3 class=\"module-title\">Film Sloter Kombinowany Vacuum :<\/h3>        <div class=\"video-wrap-outer\">\n            <div class=\"video-wrap tf_rel tf_overflow\">\n                                    <noscript><iframe data-no-script src=\"https:\/\/www.youtube.com\/embed\/hjIF4w-F6fE?pip=1&playsinline=1\" allow=\"accelerometer;encrypted-media;gyroscope;picture-in-picture;fullscreen\" class=\"tf_abs tf_w tf_h\"><\/iframe><\/noscript>\n                                <\/div>\n            <!-- \/video-wrap -->\n        <\/div>\n        <!-- \/video-wrap-outer -->\n            <\/div>\n        <\/div>\n                    <div  data-lazy=\"1\" class=\"module_column tb-column col4-2 tb_xoe2425 last\">\n                    <!-- module image -->\n<div  class=\"module module-image tb_olth566 image-top   tf_mw\" data-lazy=\"1\">\n        <div class=\"image-wrap tf_rel tf_mw\">\n            <img loading=\"lazy\" decoding=\"async\" width=\"2000\" height=\"1333\" src=\"https:\/\/kryma.net.pl\/wp-content\/uploads\/2021\/03\/panel-LCD.jpg\" class=\"wp-post-image wp-image-1183\" title=\"panel-LCD\" alt=\"panel-LCD\" srcset=\"https:\/\/kryma.net.pl\/wp-content\/uploads\/2021\/03\/panel-LCD.jpg 2000w, https:\/\/kryma.net.pl\/wp-content\/uploads\/2021\/03\/panel-LCD-300x200.jpg 300w, https:\/\/kryma.net.pl\/wp-content\/uploads\/2021\/03\/panel-LCD-1024x682.jpg 1024w, https:\/\/kryma.net.pl\/wp-content\/uploads\/2021\/03\/panel-LCD-768x512.jpg 768w, https:\/\/kryma.net.pl\/wp-content\/uploads\/2021\/03\/panel-LCD-1536x1024.jpg 1536w\" sizes=\"auto, (max-width: 2000px) 100vw, 2000px\" \/>    \n        <\/div>\n    <!-- \/image-wrap -->\n    \n        <\/div>\n<!-- \/module image -->        <\/div>\n                        <\/div>\n        <\/div>\n                        <div  data-lazy=\"1\" class=\"module_row themify_builder_row tb_130x44 tf_w\">\n                        <div class=\"row_inner col_align_top tb_col_count_1 tf_box tf_rel\">\n                        <div  data-lazy=\"1\" class=\"module_column tb-column col-full tb_cwmk45 first\">\n                    <!-- module gallery -->\n<div  class=\"module gallery module-gallery tb_39ma801 layout-grid  \" data-lazy=\"1\">\n    <div class=\"module-gallery-grid\" style=\"--gald:4;--galt:4;--galm:4\">\n            <dl class=\"gallery-item\">\n            <dt class=\"gallery-icon\">\n            <a data-title=\"\" title=\"\" href=\"https:\/\/kryma.net.pl\/wp-content\/uploads\/2021\/03\/sllcd.jpg\" data-rel=\"tb_39ma801\" class=\"themify_lightbox\"><img loading=\"lazy\" decoding=\"async\" src=\"https:\/\/kryma.net.pl\/wp-content\/uploads\/2021\/03\/sllcd-1024x683-300x200.jpg\" width=\"300\" height=\"200\" class=\"wp-post-image wp-image-1182\" title=\"sllcd\" alt=\"sllcd\" srcset=\"https:\/\/kryma.net.pl\/wp-content\/uploads\/2021\/03\/sllcd-1024x683-300x200.jpg 300w, https:\/\/kryma.net.pl\/wp-content\/uploads\/2021\/03\/sllcd-1024x683.jpg 1024w, https:\/\/kryma.net.pl\/wp-content\/uploads\/2021\/03\/sllcd-768x513.jpg 768w, https:\/\/kryma.net.pl\/wp-content\/uploads\/2021\/03\/sllcd.jpg 1500w\" sizes=\"auto, (max-width: 300px) 100vw, 300px\" \/><\/a>            <\/dt>\n                    <\/dl>\n            <dl class=\"gallery-item\">\n            <dt class=\"gallery-icon\">\n            <a data-title=\"\" title=\"\" href=\"https:\/\/kryma.net.pl\/wp-content\/uploads\/2023\/12\/SK-2800-Vacuum-wal-scaled.jpg\" data-rel=\"tb_39ma801\" class=\"themify_lightbox\"><img loading=\"lazy\" decoding=\"async\" src=\"https:\/\/kryma.net.pl\/wp-content\/uploads\/2023\/12\/SK-2800-Vacuum-wal-1024x684-300x200.jpg\" width=\"300\" height=\"200\" class=\"wp-post-image wp-image-1194\" title=\"SK-2800-Vacuum-wal\" alt=\"SK-2800-Vacuum-wal\" srcset=\"https:\/\/kryma.net.pl\/wp-content\/uploads\/2023\/12\/SK-2800-Vacuum-wal-1024x684-300x200.jpg 300w, https:\/\/kryma.net.pl\/wp-content\/uploads\/2023\/12\/SK-2800-Vacuum-wal-1024x684.jpg 1024w, https:\/\/kryma.net.pl\/wp-content\/uploads\/2023\/12\/SK-2800-Vacuum-wal-768x513.jpg 768w, https:\/\/kryma.net.pl\/wp-content\/uploads\/2023\/12\/SK-2800-Vacuum-wal-1536x1026.jpg 1536w, https:\/\/kryma.net.pl\/wp-content\/uploads\/2023\/12\/SK-2800-Vacuum-wal-2048x1367.jpg 2048w\" sizes=\"auto, (max-width: 300px) 100vw, 300px\" \/><\/a>            <\/dt>\n                    <\/dl>\n            <dl class=\"gallery-item\">\n            <dt class=\"gallery-icon\">\n            <a data-title=\"\" title=\"\" href=\"https:\/\/kryma.net.pl\/wp-content\/uploads\/2023\/12\/SK-2800-Vacuum-Front-scaled.jpg\" data-rel=\"tb_39ma801\" class=\"themify_lightbox\"><img loading=\"lazy\" decoding=\"async\" src=\"https:\/\/kryma.net.pl\/wp-content\/uploads\/2023\/12\/SK-2800-Vacuum-Front-1024x684-300x200.jpg\" width=\"300\" height=\"200\" class=\"wp-post-image wp-image-1199\" title=\"SK-2800-Vacuum---Front\" alt=\"SK-2800-Vacuum---Front\" srcset=\"https:\/\/kryma.net.pl\/wp-content\/uploads\/2023\/12\/SK-2800-Vacuum-Front-1024x684-300x200.jpg 300w, https:\/\/kryma.net.pl\/wp-content\/uploads\/2023\/12\/SK-2800-Vacuum-Front-1024x684.jpg 1024w, https:\/\/kryma.net.pl\/wp-content\/uploads\/2023\/12\/SK-2800-Vacuum-Front-768x513.jpg 768w, https:\/\/kryma.net.pl\/wp-content\/uploads\/2023\/12\/SK-2800-Vacuum-Front-1536x1026.jpg 1536w, https:\/\/kryma.net.pl\/wp-content\/uploads\/2023\/12\/SK-2800-Vacuum-Front-2048x1367.jpg 2048w\" sizes=\"auto, (max-width: 300px) 100vw, 300px\" \/><\/a>            <\/dt>\n                    <\/dl>\n            <dl class=\"gallery-item\">\n            <dt class=\"gallery-icon\">\n            <a data-title=\"\" title=\"\" href=\"https:\/\/kryma.net.pl\/wp-content\/uploads\/2023\/12\/DSC5345-scaled.jpg\" data-rel=\"tb_39ma801\" class=\"themify_lightbox\"><img loading=\"lazy\" decoding=\"async\" src=\"https:\/\/kryma.net.pl\/wp-content\/uploads\/2023\/12\/DSC5345-1024x683-300x200.jpg\" width=\"300\" height=\"200\" class=\"wp-post-image wp-image-1200\" title=\"_DSC5345\" alt=\"_DSC5345\" srcset=\"https:\/\/kryma.net.pl\/wp-content\/uploads\/2023\/12\/DSC5345-1024x683-300x200.jpg 300w, https:\/\/kryma.net.pl\/wp-content\/uploads\/2023\/12\/DSC5345-1024x683.jpg 1024w, https:\/\/kryma.net.pl\/wp-content\/uploads\/2023\/12\/DSC5345-768x512.jpg 768w, https:\/\/kryma.net.pl\/wp-content\/uploads\/2023\/12\/DSC5345-1536x1024.jpg 1536w, https:\/\/kryma.net.pl\/wp-content\/uploads\/2023\/12\/DSC5345-2048x1365.jpg 2048w\" sizes=\"auto, (max-width: 300px) 100vw, 300px\" \/><\/a>            <\/dt>\n                    <\/dl>\n    <\/div>\n<\/div>\n<!-- \/module gallery -->        <\/div>\n                        <\/div>\n        <\/div>\n        <\/div>\n<!--\/themify_builder_content-->","protected":false},"excerpt":{"rendered":"<p>Podajnik podci\u015bnieniowy zainstalowany w Sloterze pozwala w cyklu automatycznym przetwarza\u0107 z wydajno\u015bci\u0105 2000mb\/h &#8211; zniekszta\u0142cone formatki niespe\u0142niaj\u0105ce norm p\u0142asko\u015bci &#8211; wielkie formaty tektur o maksymalnych wymiarach 2,75x10mb (na za\u0142\u0105czonym filmiku przetwarzana jest formatka 2500&#215;1200) &#8211; d\u0142ugie formatki do 10 mb (fefco 410,411) na za\u0142\u0105czonym filmie przerabiamy formatk\u0119 o d\u0142ugo\u015bci 3200 Film Sloter Kombinowany Vacuum :<\/p>\n","protected":false},"author":1,"featured_media":0,"parent":71,"menu_order":0,"comment_status":"closed","ping_status":"closed","template":"","meta":{"footnotes":""},"class_list":["post-1160","page","type-page","status-publish","hentry","has-post-title","has-post-date","has-post-category","has-post-tag","has-post-comment","has-post-author",""],"yoast_head":"<!-- This site is optimized with the Yoast SEO plugin v24.1 - https:\/\/yoast.com\/wordpress\/plugins\/seo\/ -->\n<title>Sloter kombinowany Vacuum - Kryma Producent maszyn<\/title>\n<meta name=\"robots\" content=\"index, follow, max-snippet:-1, max-image-preview:large, max-video-preview:-1\" \/>\n<link rel=\"canonical\" href=\"https:\/\/kryma.net.pl\/index.php\/slotery\/sloter-kombinowany-vacuum\/\" \/>\n<meta property=\"og:locale\" content=\"pl_PL\" \/>\n<meta property=\"og:type\" content=\"article\" \/>\n<meta property=\"og:title\" content=\"Sloter kombinowany Vacuum - Kryma Producent maszyn\" \/>\n<meta property=\"og:description\" content=\"Podajnik podci\u015bnieniowy zainstalowany w Sloterze pozwala w cyklu automatycznym przetwarza\u0107 z wydajno\u015bci\u0105 2000mb\/h &#8211; zniekszta\u0142cone formatki niespe\u0142niaj\u0105ce norm p\u0142asko\u015bci &#8211; wielkie formaty tektur o maksymalnych wymiarach 2,75x10mb (na za\u0142\u0105czonym filmiku przetwarzana jest formatka 2500&#215;1200) &#8211; d\u0142ugie formatki do 10 mb (fefco 410,411) na za\u0142\u0105czonym filmie przerabiamy formatk\u0119 o d\u0142ugo\u015bci 3200 Film Sloter Kombinowany Vacuum :\" \/>\n<meta property=\"og:url\" content=\"https:\/\/kryma.net.pl\/index.php\/slotery\/sloter-kombinowany-vacuum\/\" \/>\n<meta property=\"og:site_name\" content=\"Kryma Producent maszyn\" \/>\n<meta property=\"article:modified_time\" content=\"2023-12-06T19:20:30+00:00\" \/>\n<meta property=\"og:image\" content=\"https:\/\/kryma.net.pl\/wp-content\/uploads\/2021\/03\/sllcd-150x150.jpg\" \/>\n<meta name=\"twitter:card\" content=\"summary_large_image\" \/>\n<script type=\"application\/ld+json\" class=\"yoast-schema-graph\">{\"@context\":\"https:\/\/schema.org\",\"@graph\":[{\"@type\":\"WebPage\",\"@id\":\"https:\/\/kryma.net.pl\/index.php\/slotery\/sloter-kombinowany-vacuum\/\",\"url\":\"https:\/\/kryma.net.pl\/index.php\/slotery\/sloter-kombinowany-vacuum\/\",\"name\":\"Sloter kombinowany Vacuum - Kryma Producent maszyn\",\"isPartOf\":{\"@id\":\"https:\/\/kryma.net.pl\/#website\"},\"primaryImageOfPage\":{\"@id\":\"https:\/\/kryma.net.pl\/index.php\/slotery\/sloter-kombinowany-vacuum\/#primaryimage\"},\"image\":{\"@id\":\"https:\/\/kryma.net.pl\/index.php\/slotery\/sloter-kombinowany-vacuum\/#primaryimage\"},\"thumbnailUrl\":\"https:\/\/kryma.net.pl\/wp-content\/uploads\/2023\/12\/SK-2800-Vacuum-Back-scaled.jpg\",\"datePublished\":\"2020-11-09T19:03:39+00:00\",\"dateModified\":\"2023-12-06T19:20:30+00:00\",\"breadcrumb\":{\"@id\":\"https:\/\/kryma.net.pl\/index.php\/slotery\/sloter-kombinowany-vacuum\/#breadcrumb\"},\"inLanguage\":\"pl-PL\",\"potentialAction\":[{\"@type\":\"ReadAction\",\"target\":[\"https:\/\/kryma.net.pl\/index.php\/slotery\/sloter-kombinowany-vacuum\/\"]}]},{\"@type\":\"ImageObject\",\"inLanguage\":\"pl-PL\",\"@id\":\"https:\/\/kryma.net.pl\/index.php\/slotery\/sloter-kombinowany-vacuum\/#primaryimage\",\"url\":\"https:\/\/kryma.net.pl\/wp-content\/uploads\/2023\/12\/SK-2800-Vacuum-Back-scaled.jpg\",\"contentUrl\":\"https:\/\/kryma.net.pl\/wp-content\/uploads\/2023\/12\/SK-2800-Vacuum-Back-scaled.jpg\",\"width\":2560,\"height\":1709},{\"@type\":\"BreadcrumbList\",\"@id\":\"https:\/\/kryma.net.pl\/index.php\/slotery\/sloter-kombinowany-vacuum\/#breadcrumb\",\"itemListElement\":[{\"@type\":\"ListItem\",\"position\":1,\"name\":\"Strona g\u0142\u00f3wna\",\"item\":\"https:\/\/kryma.net.pl\/\"},{\"@type\":\"ListItem\",\"position\":2,\"name\":\"Slotery\",\"item\":\"https:\/\/kryma.net.pl\/index.php\/slotery\/\"},{\"@type\":\"ListItem\",\"position\":3,\"name\":\"Sloter kombinowany Vacuum\"}]},{\"@type\":\"WebSite\",\"@id\":\"https:\/\/kryma.net.pl\/#website\",\"url\":\"https:\/\/kryma.net.pl\/\",\"name\":\"Kryma Producent maszyn\",\"description\":\"Soletry - wykrawarki - drukarki\",\"potentialAction\":[{\"@type\":\"SearchAction\",\"target\":{\"@type\":\"EntryPoint\",\"urlTemplate\":\"https:\/\/kryma.net.pl\/?s={search_term_string}\"},\"query-input\":{\"@type\":\"PropertyValueSpecification\",\"valueRequired\":true,\"valueName\":\"search_term_string\"}}],\"inLanguage\":\"pl-PL\"}]}<\/script>\n<!-- \/ Yoast SEO plugin. -->","yoast_head_json":{"title":"Sloter kombinowany Vacuum - Kryma Producent maszyn","robots":{"index":"index","follow":"follow","max-snippet":"max-snippet:-1","max-image-preview":"max-image-preview:large","max-video-preview":"max-video-preview:-1"},"canonical":"https:\/\/kryma.net.pl\/index.php\/slotery\/sloter-kombinowany-vacuum\/","og_locale":"pl_PL","og_type":"article","og_title":"Sloter kombinowany Vacuum - Kryma Producent maszyn","og_description":"Podajnik podci\u015bnieniowy zainstalowany w Sloterze pozwala w cyklu automatycznym przetwarza\u0107 z wydajno\u015bci\u0105 2000mb\/h &#8211; zniekszta\u0142cone formatki niespe\u0142niaj\u0105ce norm p\u0142asko\u015bci &#8211; wielkie formaty tektur o maksymalnych wymiarach 2,75x10mb (na za\u0142\u0105czonym filmiku przetwarzana jest formatka 2500&#215;1200) &#8211; d\u0142ugie formatki do 10 mb (fefco 410,411) na za\u0142\u0105czonym filmie przerabiamy formatk\u0119 o d\u0142ugo\u015bci 3200 Film Sloter Kombinowany Vacuum :","og_url":"https:\/\/kryma.net.pl\/index.php\/slotery\/sloter-kombinowany-vacuum\/","og_site_name":"Kryma Producent maszyn","article_modified_time":"2023-12-06T19:20:30+00:00","og_image":[{"url":"https:\/\/kryma.net.pl\/wp-content\/uploads\/2021\/03\/sllcd-150x150.jpg","type":"","width":"","height":""}],"twitter_card":"summary_large_image","schema":{"@context":"https:\/\/schema.org","@graph":[{"@type":"WebPage","@id":"https:\/\/kryma.net.pl\/index.php\/slotery\/sloter-kombinowany-vacuum\/","url":"https:\/\/kryma.net.pl\/index.php\/slotery\/sloter-kombinowany-vacuum\/","name":"Sloter kombinowany Vacuum - Kryma Producent maszyn","isPartOf":{"@id":"https:\/\/kryma.net.pl\/#website"},"primaryImageOfPage":{"@id":"https:\/\/kryma.net.pl\/index.php\/slotery\/sloter-kombinowany-vacuum\/#primaryimage"},"image":{"@id":"https:\/\/kryma.net.pl\/index.php\/slotery\/sloter-kombinowany-vacuum\/#primaryimage"},"thumbnailUrl":"https:\/\/kryma.net.pl\/wp-content\/uploads\/2023\/12\/SK-2800-Vacuum-Back-scaled.jpg","datePublished":"2020-11-09T19:03:39+00:00","dateModified":"2023-12-06T19:20:30+00:00","breadcrumb":{"@id":"https:\/\/kryma.net.pl\/index.php\/slotery\/sloter-kombinowany-vacuum\/#breadcrumb"},"inLanguage":"pl-PL","potentialAction":[{"@type":"ReadAction","target":["https:\/\/kryma.net.pl\/index.php\/slotery\/sloter-kombinowany-vacuum\/"]}]},{"@type":"ImageObject","inLanguage":"pl-PL","@id":"https:\/\/kryma.net.pl\/index.php\/slotery\/sloter-kombinowany-vacuum\/#primaryimage","url":"https:\/\/kryma.net.pl\/wp-content\/uploads\/2023\/12\/SK-2800-Vacuum-Back-scaled.jpg","contentUrl":"https:\/\/kryma.net.pl\/wp-content\/uploads\/2023\/12\/SK-2800-Vacuum-Back-scaled.jpg","width":2560,"height":1709},{"@type":"BreadcrumbList","@id":"https:\/\/kryma.net.pl\/index.php\/slotery\/sloter-kombinowany-vacuum\/#breadcrumb","itemListElement":[{"@type":"ListItem","position":1,"name":"Strona g\u0142\u00f3wna","item":"https:\/\/kryma.net.pl\/"},{"@type":"ListItem","position":2,"name":"Slotery","item":"https:\/\/kryma.net.pl\/index.php\/slotery\/"},{"@type":"ListItem","position":3,"name":"Sloter kombinowany Vacuum"}]},{"@type":"WebSite","@id":"https:\/\/kryma.net.pl\/#website","url":"https:\/\/kryma.net.pl\/","name":"Kryma Producent maszyn","description":"Soletry - wykrawarki - drukarki","potentialAction":[{"@type":"SearchAction","target":{"@type":"EntryPoint","urlTemplate":"https:\/\/kryma.net.pl\/?s={search_term_string}"},"query-input":{"@type":"PropertyValueSpecification","valueRequired":true,"valueName":"search_term_string"}}],"inLanguage":"pl-PL"}]}},"_links":{"self":[{"href":"https:\/\/kryma.net.pl\/index.php\/wp-json\/wp\/v2\/pages\/1160","targetHints":{"allow":["GET"]}}],"collection":[{"href":"https:\/\/kryma.net.pl\/index.php\/wp-json\/wp\/v2\/pages"}],"about":[{"href":"https:\/\/kryma.net.pl\/index.php\/wp-json\/wp\/v2\/types\/page"}],"author":[{"embeddable":true,"href":"https:\/\/kryma.net.pl\/index.php\/wp-json\/wp\/v2\/users\/1"}],"replies":[{"embeddable":true,"href":"https:\/\/kryma.net.pl\/index.php\/wp-json\/wp\/v2\/comments?post=1160"}],"version-history":[{"count":8,"href":"https:\/\/kryma.net.pl\/index.php\/wp-json\/wp\/v2\/pages\/1160\/revisions"}],"predecessor-version":[{"id":1201,"href":"https:\/\/kryma.net.pl\/index.php\/wp-json\/wp\/v2\/pages\/1160\/revisions\/1201"}],"up":[{"embeddable":true,"href":"https:\/\/kryma.net.pl\/index.php\/wp-json\/wp\/v2\/pages\/71"}],"wp:attachment":[{"href":"https:\/\/kryma.net.pl\/index.php\/wp-json\/wp\/v2\/media?parent=1160"}],"curies":[{"name":"wp","href":"https:\/\/api.w.org\/{rel}","templated":true}]}}